{"id":214,"date":"2023-10-25T03:09:13","date_gmt":"2023-10-25T03:09:13","guid":{"rendered":"https:\/\/transitoatahualpa.gob.ec\/?page_id=214"},"modified":"2023-10-25T16:00:59","modified_gmt":"2023-10-25T16:00:59","slug":"titulos-habilitantes","status":"publish","type":"page","link":"https:\/\/transitoatahualpa.gob.ec\/index.php\/titulos-habilitantes\/","title":{"rendered":"T\u00edtulos Habilitantes"},"content":{"rendered":"<div class=\"wpb-content-wrapper\"><p>[vc_row][vc_column][vc_column_text]<\/p>\n<h3 style=\"text-align: center;\">Requisitos &amp; Descargar Documentos<\/h3>\n<p>[\/vc_column_text][\/vc_column][\/vc_row][vc_row][vc_column][vc_tta_accordion][vc_tta_section title=\u00bbInforme de factibilidad previo a la Constituci\u00f3n Jur\u00eddica\u00bb tab_id=\u00bb1698247548722-f121e789-d376&#8243;][vc_column_text]<\/p>\n<h2>Requisitos Resoluci\u00f3n De Factibilidad (Constituci\u00f3n Jur\u00eddica)<\/h2>\n<ol>\n<li>Minuta de constituci\u00f3n jur\u00eddica de la operadora de transporte, la cual debe especificar (raz\u00f3n social, socios, capital social, aportes, administraci\u00f3n, objeto exclusivo)<\/li>\n<li>Reserva de nombre emitido por la entidad competente<\/li>\n<li>Acta de Nombramiento Provisional del Representante Legal (original)<\/li>\n<li>Archivo digital con la n\u00f3mina de todos los socios o accionistas donde conste los nombres y apellidos completos, n\u00fameros de c\u00e9dulas y correos electr\u00f3nicos<\/li>\n<li>Copia de la c\u00e9dula y copia de papeleta de votaci\u00f3n vigente de los socios\/accionistas<\/li>\n<li>Certificado de cada socio de no ser miembro de la fuerza p\u00fablica en servicio activo (fuerzas armadas y polic\u00eda Nacional), vigilantes (Comisi\u00f3n de Tr\u00e1nsito del Ecuador), autoridades o empleados civiles que trabajan en los organismos relacionados con el tr\u00e1nsito y el transporte terrestre (historial laboral del IESS)<\/li>\n<\/ol>\n<h6><strong>NOTA: EN CASO DE QUE EL TR\u00c1MITE SEA REALIZADO POR UNA TERCERA PERSONA DEBER\u00c1 PRESENTAR UN PODER ESPECIAL SUSCRITO POR EL\u00a0 REPRESENTANTE LEGAL, EN EL QUE SE DETALLE EL NOMBRE COMPLETO Y N\u00daMERO DE C\u00c9DULA DE CIUDADAN\u00cdA DEL APODERADO PARA REALIZAR EL TR\u00c1MITE<\/strong><\/h6>\n<p><strong>REQUISITOS DE PROCEDENCIA DEL TR\u00c1MITE<\/strong><\/p>\n<ol>\n<li>No adeudar en ANT\/CTE por cada socio (no es necesario la presentaci\u00f3n de ning\u00fan documento)<\/li>\n<\/ol>\n<h6><strong>Copia del Certificado de no adeudar en el GAD del cant\u00f3n Atahualpa por cada socio (VIGENTE)<\/strong><\/h6>\n<p><a href=\"https:\/\/transitoatahualpa.gob.ec\/wp-content\/uploads\/2023\/10\/CONSTITUCION-JURIDICA.pdf\"><img loading=\"lazy\" decoding=\"async\" class=\"aligncenter wp-image-224 size-medium\" src=\"https:\/\/transitoatahualpa.gob.ec\/wp-content\/uploads\/2023\/10\/descarga-pdf-744x302-1-300x122.png\" alt=\"\" width=\"300\" height=\"122\" srcset=\"https:\/\/transitoatahualpa.gob.ec\/wp-content\/uploads\/2023\/10\/descarga-pdf-744x302-1-300x122.png 300w, https:\/\/transitoatahualpa.gob.ec\/wp-content\/uploads\/2023\/10\/descarga-pdf-744x302-1.png 744w\" sizes=\"auto, (max-width: 300px) 100vw, 300px\" \/><\/a>[\/vc_column_text][\/vc_tta_section][vc_tta_section title=\u00bbConcesi\u00f3n del Permiso de Operaci\u00f3n\u00bb tab_id=\u00bb1698247548730-d0408339-f50d\u00bb][vc_column_text]<\/p>\n<h2>Requisitos para Concesi\u00f3n de Permiso de Operaci\u00f3n<\/h2>\n<p><strong>FASE UNO:<\/strong><\/p>\n<ol>\n<li>Documento que acredite la existencia jur\u00eddica de la compa\u00f1\u00eda o cooperativa otorgado por la autoridad competente.<\/li>\n<li>N\u00f3mina de los socios o accionistas donde consten los nombres y apellidos completos, n\u00famero de c\u00e9dula y tipo de licencia<\/li>\n<li>Detalle de la flota vehicular propuesta<\/li>\n<li>PARA VEHICULOS USADOS :Copia de la matricula o copia del contrato de compra-venta notariado y registrado registrado (en caso de que el veh\u00edculo conste con otro propietario), certificado RTV, PARA VEHICULOS NUEVOS factura CERTIFICADA de la casa comercial, debe estar homologado de acuerdo a la Resoluci\u00f3n No. 081-DIR-2015-ANT, del 29 de octubre de 2015..<\/li>\n<li>Copia de c\u00e9dula y papeleta de votaci\u00f3n vigente de los socios.<\/li>\n<li>N\u00f3mina de los socios otorgada por el Secretario de la Cooperativa (en el caso de Cooperativas)<\/li>\n<li>Copia de la c\u00e9dula y papeleta de votaci\u00f3n vigente del representante legal y nombramiento registrado\u00a0 en la Superintendencia de Compa\u00f1\u00edas y en el Registro Mercantil o Registro de la Propiedad- seg\u00fan el caso(para Compa\u00f1\u00edas) o Registro de Directivas de Organizaciones de la Econom\u00eda Popular y Solidaria (para\u00a0 Cooperativas).<\/li>\n<li>Certificado de cada socio de no ser miembro de la fuerza p\u00fablica en servicio activo (fuerzas armadas y polic\u00eda Nacional), vigilantes (Comisi\u00f3n de Tr\u00e1nsito del Ecuador), autoridades o empleados civiles que trabajan en los organismos relacionados con el tr\u00e1nsito y el transporte terrestre (historial laboral del IESS)<\/li>\n<\/ol>\n<p><strong>FASE DOS (Una vez obtenida la notificaci\u00f3n favorable):<\/strong><\/p>\n<ol>\n<li>Oficio de reingreso de documentaci\u00f3n.<\/li>\n<li>Copia de la matricula del veh\u00edculo como servicio p\u00fablico, registrado dentro de la Operadora.<\/li>\n<li>En caso de no poseer licencia, poseer licencia que no este acorde a la modalidad o estar inhabilitado para conducir, debe adjuntar copia del contrato de trabajo del chofer, debidamente legalizado en el Ministerio del Trabajo y Aviso de Entrada o Historial Laboral\u00a0 del IESS, el que deber\u00e1 poseer licencia del tipo que la modalidad requiera con puntos vigentes.<\/li>\n<\/ol>\n<h6><strong>NOTA: EN CASO DE QUE EL TR\u00c1MITE SEA REALIZADO POR UNA TERCERA PERSONA DEBER\u00c1 PRESENTAR UN PODER ESPECIAL SUSCRITO POR EL\u00a0 REPRESENTANTE LEGAL, EN EL QUE SE DETALLE EL NOMBRE COMPLETO Y N\u00daMERO DE C\u00c9DULA DE CIUDADAN\u00cdA DEL APODERADO PARA REALIZAR EL TR\u00c1MITE.<\/strong><\/h6>\n<p><strong>REQUISITOS DE PROCEDENCIA DEL TR\u00c1MITE<\/strong><\/p>\n<ol>\n<li>Resoluci\u00f3n de Informe de factibilidad de Constituci\u00f3n Jur\u00eddica emitido por el Organismo Competente.<\/li>\n<li>Todos los accionistas deben estar calificados en la Superintendencia de Compa\u00f1\u00edas<\/li>\n<li>No adeudar en ANT\/CTE (no es necesario la presentaci\u00f3n de ning\u00fan documento)<\/li>\n<li>Copia del Certificado de no adeudar en el GAD DEL CANT\u00d3N ATAHUALPA<\/li>\n<\/ol>\n<h6>El peticionario es el \u00fanico responsable del origen de las firmas y documentos ingresados para el tr\u00e1mite correspondiente. La EMPRESA P\u00daBLICA DE TR\u00c1NSITO DEL GOBIERNO AUT\u00d3NOMO DESCENTRALIZADO DEL CANT\u00d3N ATAHUALPA EPMTA-EP , se reserva el derecho de iniciar la acci\u00f3n legal pertinente, en caso de que se detecte cualquier adulteraci\u00f3n en las mismas. La solicitud debe ser sellada y firmada por el Representante Legal de la Operadora. Una vez obtenida la resoluci\u00f3n es obligaci\u00f3n del usuario realizar la matriculaci\u00f3n respectiva dentro del plazo que exige la ley.<\/h6>\n<p><a href=\"https:\/\/transitoatahualpa.gob.ec\/wp-content\/uploads\/2023\/10\/2-CONCESION-DE-PERMISO-DE-OPERACION.pdf\"><img loading=\"lazy\" decoding=\"async\" class=\"aligncenter wp-image-224 size-medium\" src=\"https:\/\/transitoatahualpa.gob.ec\/wp-content\/uploads\/2023\/10\/descarga-pdf-744x302-1-300x122.png\" alt=\"\" width=\"300\" height=\"122\" srcset=\"https:\/\/transitoatahualpa.gob.ec\/wp-content\/uploads\/2023\/10\/descarga-pdf-744x302-1-300x122.png 300w, https:\/\/transitoatahualpa.gob.ec\/wp-content\/uploads\/2023\/10\/descarga-pdf-744x302-1.png 744w\" sizes=\"auto, (max-width: 300px) 100vw, 300px\" \/><\/a>[\/vc_column_text][\/vc_tta_section][\/vc_tta_accordion][\/vc_column][\/vc_row]<\/p>\n<\/div>","protected":false},"excerpt":{"rendered":"<p>[vc_row][vc_column][vc_column_text] Requisitos &amp; Descargar Documentos [\/vc_column_text][\/vc_column][\/vc_row][vc_row][vc_column][vc_tta_accordion][vc_tta_section title=\u00bbInforme de factibilidad previo a la Constituci\u00f3n Jur\u00eddica\u00bb tab_id=\u00bb1698247548722-f121e789-d376&#8243;][vc_column_text] Requisitos Resoluci\u00f3n De Factibilidad (Constituci\u00f3n Jur\u00eddica) Minuta de constituci\u00f3n jur\u00eddica de la operadora de transporte, la cual debe especificar (raz\u00f3n social, socios, capital social, aportes, administraci\u00f3n, objeto exclusivo) Reserva de nombre emitido por la entidad competente Acta de Nombramiento Provisional &hellip;<\/p>\n","protected":false},"author":1,"featured_media":0,"parent":0,"menu_order":0,"comment_status":"closed","ping_status":"closed","template":"","meta":{"footnotes":""},"class_list":["post-214","page","type-page","status-publish","hentry"],"_links":{"self":[{"href":"https:\/\/transitoatahualpa.gob.ec\/index.php\/wp-json\/wp\/v2\/pages\/214","targetHints":{"allow":["GET"]}}],"collection":[{"href":"https:\/\/transitoatahualpa.gob.ec\/index.php\/wp-json\/wp\/v2\/pages"}],"about":[{"href":"https:\/\/transitoatahualpa.gob.ec\/index.php\/wp-json\/wp\/v2\/types\/page"}],"author":[{"embeddable":true,"href":"https:\/\/transitoatahualpa.gob.ec\/index.php\/wp-json\/wp\/v2\/users\/1"}],"replies":[{"embeddable":true,"href":"https:\/\/transitoatahualpa.gob.ec\/index.php\/wp-json\/wp\/v2\/comments?post=214"}],"version-history":[{"count":7,"href":"https:\/\/transitoatahualpa.gob.ec\/index.php\/wp-json\/wp\/v2\/pages\/214\/revisions"}],"predecessor-version":[{"id":228,"href":"https:\/\/transitoatahualpa.gob.ec\/index.php\/wp-json\/wp\/v2\/pages\/214\/revisions\/228"}],"wp:attachment":[{"href":"https:\/\/transitoatahualpa.gob.ec\/index.php\/wp-json\/wp\/v2\/media?parent=214"}],"curies":[{"name":"wp","href":"https:\/\/api.w.org\/{rel}","templated":true}]}}